{"id":1707,"date":"2023-03-31T18:44:56","date_gmt":"2023-03-31T16:44:56","guid":{"rendered":"http:\/\/andreaguillot.com\/?page_id=1707"},"modified":"2023-03-31T19:53:34","modified_gmt":"2023-03-31T17:53:34","slug":"3d","status":"publish","type":"page","link":"https:\/\/andreaguillot.com\/index.php\/3d\/","title":{"rendered":"3D"},"content":{"rendered":"\t\t<div data-elementor-type=\"wp-page\" data-elementor-id=\"1707\" class=\"elementor elementor-1707\">\n\t\t\t\t\t\t\t\t\t<section class=\"elementor-section elementor-top-section elementor-element elementor-element-i7ajsel elementor-section-height-min-height elementor-section-boxed elementor-section-height-default elementor-section-items-middle\" data-id=\"i7ajsel\" data-element_type=\"section\" data-settings=\"{&quot;background_background&quot;:&quot;classic&quot;}\">\n\t\t\t\t\t\t\t<div class=\"elementor-background-overlay\"><\/div>\n\t\t\t\t\t\t\t<div class=\"elementor-container elementor-column-gap-default\">\n\t\t\t\t\t<div class=\"elementor-column elementor-col-100 elementor-top-column elementor-element elementor-element-6a5337e\" data-id=\"6a5337e\" data-element_type=\"column\">\n\t\t\t<div class=\"elementor-widget-wrap elementor-element-populated\">\n\t\t\t\t\t\t\t\t<div class=\"elementor-element elementor-element-feefb6c elementor-widget elementor-widget-heading\" data-id=\"feefb6c\" data-element_type=\"widget\" data-widget_type=\"heading.default\">\n\t\t\t\t<div class=\"elementor-widget-container\">\n\t\t\t<style>\/*! elementor - v3.14.0 - 26-06-2023 *\/\n.elementor-heading-title{padding:0;margin:0;line-height:1}.elementor-widget-heading .elementor-heading-title[class*=elementor-size-]>a{color:inherit;font-size:inherit;line-height:inherit}.elementor-widget-heading .elementor-heading-title.elementor-size-small{font-size:15px}.elementor-widget-heading .elementor-heading-title.elementor-size-medium{font-size:19px}.elementor-widget-heading .elementor-heading-title.elementor-size-large{font-size:29px}.elementor-widget-heading .elementor-heading-title.elementor-size-xl{font-size:39px}.elementor-widget-heading .elementor-heading-title.elementor-size-xxl{font-size:59px}<\/style><h1 class=\"elementor-heading-title elementor-size-default\">3D.<\/h1>\t\t<\/div>\n\t\t\t\t<\/div>\n\t\t\t\t\t<\/div>\n\t\t<\/div>\n\t\t\t\t\t\t\t<\/div>\n\t\t<\/section>\n\t\t\t\t<section class=\"elementor-section elementor-top-section elementor-element elementor-element-00530a6 elementor-section-boxed elementor-section-height-default elementor-section-height-default\" data-id=\"00530a6\" data-element_type=\"section\">\n\t\t\t\t\t\t<div class=\"elementor-container elementor-column-gap-default\">\n\t\t\t\t\t<div class=\"elementor-column elementor-col-50 elementor-top-column elementor-element elementor-element-48fdd46\" data-id=\"48fdd46\" data-element_type=\"column\">\n\t\t\t<div class=\"elementor-widget-wrap elementor-element-populated\">\n\t\t\t\t\t\t\t\t<div class=\"elementor-element elementor-element-f80de65 elementor-widget elementor-widget-image\" data-id=\"f80de65\" data-element_type=\"widget\" data-widget_type=\"image.default\">\n\t\t\t\t<div class=\"elementor-widget-container\">\n\t\t\t<style>\/*! elementor - v3.14.0 - 26-06-2023 *\/\n.elementor-widget-image{text-align:center}.elementor-widget-image a{display:inline-block}.elementor-widget-image a img[src$=\".svg\"]{width:48px}.elementor-widget-image img{vertical-align:middle;display:inline-block}<\/style>\t\t\t\t\t\t\t\t\t\t\t\t<img loading=\"lazy\" decoding=\"async\" width=\"1024\" height=\"1024\" src=\"https:\/\/andreaguillot.com\/wp-content\/uploads\/2023\/03\/d6da327e-114b-46d7-8af0-9da87c45d15a-1024x1024.gif\" class=\"attachment-large size-large wp-image-1717\" alt=\"\" srcset=\"https:\/\/andreaguillot.com\/wp-content\/uploads\/2023\/03\/d6da327e-114b-46d7-8af0-9da87c45d15a-1024x1024.gif 1024w, https:\/\/andreaguillot.com\/wp-content\/uploads\/2023\/03\/d6da327e-114b-46d7-8af0-9da87c45d15a-300x300.gif 300w, https:\/\/andreaguillot.com\/wp-content\/uploads\/2023\/03\/d6da327e-114b-46d7-8af0-9da87c45d15a-150x150.gif 150w, https:\/\/andreaguillot.com\/wp-content\/uploads\/2023\/03\/d6da327e-114b-46d7-8af0-9da87c45d15a-768x768.gif 768w\" sizes=\"auto, (max-width: 1024px) 100vw, 1024px\" \/>\t\t\t\t\t\t\t\t\t\t\t\t\t\t\t<\/div>\n\t\t\t\t<\/div>\n\t\t\t\t\t<\/div>\n\t\t<\/div>\n\t\t\t\t<div class=\"elementor-column elementor-col-50 elementor-top-column elementor-element elementor-element-d35f84d\" data-id=\"d35f84d\" data-element_type=\"column\">\n\t\t\t<div class=\"elementor-widget-wrap elementor-element-populated\">\n\t\t\t\t\t\t\t\t<div class=\"elementor-element elementor-element-4e5ba1d elementor-widget elementor-widget-text-editor\" data-id=\"4e5ba1d\" data-element_type=\"widget\" data-widget_type=\"text-editor.default\">\n\t\t\t\t<div class=\"elementor-widget-container\">\n\t\t\t<style>\/*! elementor - v3.14.0 - 26-06-2023 *\/\n.elementor-widget-text-editor.elementor-drop-cap-view-stacked .elementor-drop-cap{background-color:#69727d;color:#fff}.elementor-widget-text-editor.elementor-drop-cap-view-framed .elementor-drop-cap{color:#69727d;border:3px solid;background-color:transparent}.elementor-widget-text-editor:not(.elementor-drop-cap-view-default) .elementor-drop-cap{margin-top:8px}.elementor-widget-text-editor:not(.elementor-drop-cap-view-default) .elementor-drop-cap-letter{width:1em;height:1em}.elementor-widget-text-editor .elementor-drop-cap{float:left;text-align:center;line-height:1;font-size:50px}.elementor-widget-text-editor .elementor-drop-cap-letter{display:inline-block}<\/style>\t\t\t\t<div class=\"main-text\"><strong><span class=\"texteditor-inline-fontsize\"><span class=\"texteditor-inline-color\"><span class=\"underline\">LIVRE POUR ENFANT (C4D)<\/span><\/span><\/span><\/strong><\/div><div class=\"main-text\"><span class=\"texteditor-inline-fontsize\"><span class=\"texteditor-inline-color\"><span style=\"text-decoration: underline;\"><span class=\"underline\">Contexte<\/span><\/span>\u00a0: ESMA &#8211; Mast\u00e8re Motion Design Graphics (2020)<\/span><\/span><\/div><div class=\"main-text\"><span class=\"texteditor-inline-fontsize\"><span class=\"texteditor-inline-color\"><span style=\"text-decoration: underline;\"><span class=\"underline\">Projet<\/span><\/span> : Repr\u00e9senter en 3D le projet \u00ab\u00a0<span class=\"underline\"><a href=\"http:\/\/andreaguillot.com\/index.php\/graphic-design\/\" target=\"_blank\" rel=\"noopener\" data-selected-page-id=\"p5c5ed1c458ddbecb0770e2bc8fadf50267e2dd6a5f36e41ae97f1\">Livre pour enfant<\/a>\u00ab\u00a0<\/span>.<\/span><\/span><\/div><div class=\"main-text\"><p><span class=\"texteditor-inline-fontsize\"><span class=\"texteditor-inline-color\"><span style=\"text-decoration: underline;\"><span class=\"underline\">Note<\/span><\/span>\u00a0:\u00a0<\/span><\/span>L&rsquo;id\u00e9e est faire d\u00e9couvrir aux enfants des aventuri\u00e8res exceptionnelles tout en voyageant \u00e0 travers les \u00e9poques.<\/p><div><span class=\"texteditor-inline-fontsize\"><span class=\"texteditor-inline-color\">Ce livre se veut :<br \/>\u00a0 \u00a0 \u00a0&#8211; Informatif : il a pour but de pr\u00e9senter 6 femmes et leurs exploits.<br \/>\u00a0 \u00a0 \u00a0&#8211; Ludique : \u00e0 la mani\u00e8re d&rsquo;un livre pop-up, leurs histoires sont illustr\u00e9es par des d\u00e9cors en relief et gr\u00e2ce \u00e0 un jeu de superposition des couches.\u00a0<\/span><\/span><\/div><div><span class=\"texteditor-inline-fontsize\"><span class=\"texteditor-inline-color\">Le livre est au format carr\u00e9 et s&rsquo;ouvre de face :\u00a0<br \/>\u00a0 \u00a0 \u00a0&#8211; D&rsquo;une part, il y a le d\u00e9cor en relief illustratif.<br \/>\u00a0 \u00a0 \u00a0&#8211; D&rsquo;autre part, il y a une description biographique synth\u00e9tique ; le but n&rsquo;\u00e9tant pas de noyer l&rsquo;enfant d&rsquo;informations mais plut\u00f4t de lui faire cr\u00e9er un lien entre le nom et l&rsquo;exploit.<\/span><\/span><\/div><\/div>\t\t\t\t\t\t<\/div>\n\t\t\t\t<\/div>\n\t\t\t\t\t<\/div>\n\t\t<\/div>\n\t\t\t\t\t\t\t<\/div>\n\t\t<\/section>\n\t\t\t\t<section class=\"elementor-section elementor-top-section elementor-element elementor-element-51cc743 elementor-section-boxed elementor-section-height-default elementor-section-height-default\" data-id=\"51cc743\" data-element_type=\"section\">\n\t\t\t\t\t\t<div class=\"elementor-container elementor-column-gap-default\">\n\t\t\t\t\t<div class=\"elementor-column elementor-col-50 elementor-top-column elementor-element elementor-element-82d13c5\" data-id=\"82d13c5\" data-element_type=\"column\">\n\t\t\t<div class=\"elementor-widget-wrap elementor-element-populated\">\n\t\t\t\t\t\t\t\t<div class=\"elementor-element elementor-element-5af5f2e elementor-widget elementor-widget-video\" data-id=\"5af5f2e\" data-element_type=\"widget\" data-settings=\"{&quot;video_type&quot;:&quot;hosted&quot;,&quot;controls&quot;:&quot;yes&quot;}\" data-widget_type=\"video.default\">\n\t\t\t\t<div class=\"elementor-widget-container\">\n\t\t\t<style>\/*! elementor - v3.14.0 - 26-06-2023 *\/\n.elementor-widget-video .elementor-widget-container{overflow:hidden;transform:translateZ(0)}.elementor-widget-video .elementor-wrapper{aspect-ratio:var(--video-aspect-ratio)}.elementor-widget-video .elementor-wrapper iframe,.elementor-widget-video .elementor-wrapper video{height:100%;width:100%;display:flex;border:none;background-color:#000}@supports not (aspect-ratio:1\/1){.elementor-widget-video .elementor-wrapper{position:relative;overflow:hidden;height:0;padding-bottom:calc(100% \/ var(--video-aspect-ratio))}.elementor-widget-video .elementor-wrapper iframe,.elementor-widget-video .elementor-wrapper video{position:absolute;top:0;right:0;bottom:0;left:0}}.elementor-widget-video .elementor-open-inline .elementor-custom-embed-image-overlay{position:absolute;top:0;left:0;width:100%;height:100%;background-size:cover;background-position:50%}.elementor-widget-video .elementor-custom-embed-image-overlay{cursor:pointer;text-align:center}.elementor-widget-video .elementor-custom-embed-image-overlay:hover .elementor-custom-embed-play i{opacity:1}.elementor-widget-video .elementor-custom-embed-image-overlay img{display:block;width:100%}.elementor-widget-video .e-hosted-video .elementor-video{-o-object-fit:cover;object-fit:cover}.e-con-inner>.elementor-widget-video,.e-con>.elementor-widget-video{width:var(--container-widget-width);--flex-grow:var(--container-widget-flex-grow)}<\/style>\t\t<div class=\"e-hosted-video elementor-wrapper elementor-open-inline\">\n\t\t\t\t\t<video class=\"elementor-video\" src=\"http:\/\/andreaguillot.com\/wp-content\/uploads\/2023\/03\/Character_Walk_v2.mp4\" controls=\"\" preload=\"metadata\" controlsList=\"nodownload\"><\/video>\n\t\t\t\t<\/div>\n\t\t\t\t<\/div>\n\t\t\t\t<\/div>\n\t\t\t\t\t<\/div>\n\t\t<\/div>\n\t\t\t\t<div class=\"elementor-column elementor-col-50 elementor-top-column elementor-element elementor-element-4c89b6d\" data-id=\"4c89b6d\" data-element_type=\"column\">\n\t\t\t<div class=\"elementor-widget-wrap elementor-element-populated\">\n\t\t\t\t\t\t\t\t<div class=\"elementor-element elementor-element-5db86f6 elementor-widget elementor-widget-text-editor\" data-id=\"5db86f6\" data-element_type=\"widget\" data-widget_type=\"text-editor.default\">\n\t\t\t\t<div class=\"elementor-widget-container\">\n\t\t\t\t\t\t\t<div class=\"main-text\"><div class=\"main-text\"><strong><span class=\"texteditor-inline-color\"><span class=\"underline\">CHAMP\u00caTRE (C4D)<\/span><\/span><\/strong><\/div><div class=\"main-text\"><span class=\"texteditor-inline-color\"><span class=\"texteditor-inline-fontsize\"><span style=\"text-decoration: underline;\"><span class=\"underline\">Contexte<\/span><\/span>\u00a0: ESMA &#8211; Mast\u00e8re Motion Design Graphics (2021)<\/span><\/span><\/div><div class=\"main-text\"><span class=\"texteditor-inline-color\"><span class=\"texteditor-inline-fontsize\"><span style=\"text-decoration: underline;\"><span class=\"underline\">Projet<\/span><\/span>\u00a0: Projet libre dans lequel nous devions nous challenger techniquement parlant. Premi\u00e8re utilisation de rig.<\/span><\/span><\/div><\/div>\t\t\t\t\t\t<\/div>\n\t\t\t\t<\/div>\n\t\t\t\t\t<\/div>\n\t\t<\/div>\n\t\t\t\t\t\t\t<\/div>\n\t\t<\/section>\n\t\t\t\t<section class=\"elementor-section elementor-top-section elementor-element elementor-element-c5fe314 elementor-section-boxed elementor-section-height-default elementor-section-height-default\" data-id=\"c5fe314\" data-element_type=\"section\">\n\t\t\t\t\t\t<div class=\"elementor-container elementor-column-gap-default\">\n\t\t\t\t\t<div class=\"elementor-column elementor-col-50 elementor-top-column elementor-element elementor-element-2d8eb41\" data-id=\"2d8eb41\" data-element_type=\"column\">\n\t\t\t<div class=\"elementor-widget-wrap elementor-element-populated\">\n\t\t\t\t\t\t\t\t<div class=\"elementor-element elementor-element-5314b33 elementor-widget elementor-widget-video\" data-id=\"5314b33\" data-element_type=\"widget\" data-settings=\"{&quot;video_type&quot;:&quot;hosted&quot;,&quot;controls&quot;:&quot;yes&quot;}\" data-widget_type=\"video.default\">\n\t\t\t\t<div class=\"elementor-widget-container\">\n\t\t\t\t\t<div class=\"e-hosted-video elementor-wrapper elementor-open-inline\">\n\t\t\t\t\t<video class=\"elementor-video\" src=\"http:\/\/andreaguillot.com\/wp-content\/uploads\/2023\/03\/Andrea_Guillot_MM_Cube3D_3.mp4\" controls=\"\" preload=\"metadata\" controlsList=\"nodownload\"><\/video>\n\t\t\t\t<\/div>\n\t\t\t\t<\/div>\n\t\t\t\t<\/div>\n\t\t\t\t\t<\/div>\n\t\t<\/div>\n\t\t\t\t<div class=\"elementor-column elementor-col-50 elementor-top-column elementor-element elementor-element-b94dc1e\" data-id=\"b94dc1e\" data-element_type=\"column\">\n\t\t\t<div class=\"elementor-widget-wrap elementor-element-populated\">\n\t\t\t\t\t\t\t\t<div class=\"elementor-element elementor-element-b52196d elementor-widget elementor-widget-text-editor\" data-id=\"b52196d\" data-element_type=\"widget\" data-widget_type=\"text-editor.default\">\n\t\t\t\t<div class=\"elementor-widget-container\">\n\t\t\t\t\t\t\t<div class=\"main-text\"><div class=\"main-text\"><strong><span class=\"texteditor-inline-color\"><span class=\"underline\">BOUCLE (C4D)<\/span><\/span><\/strong><\/div><div class=\"main-text\"><span class=\"texteditor-inline-color\"><span class=\"texteditor-inline-fontsize\"><span style=\"text-decoration: underline;\"><span class=\"underline\">Contexte<\/span><\/span>\u00a0: ESMA &#8211; Mast\u00e8re Motion Design Graphics (2020)<\/span><\/span><\/div><div class=\"main-text\"><span class=\"texteditor-inline-color\"><span class=\"texteditor-inline-fontsize\"><span style=\"text-decoration: underline;\"><span class=\"underline\">Projet<\/span><\/span>\u00a0: R\u00e9aliser l&rsquo;animation d&rsquo;un cube en 3D dans une boucle de 5 secondes.<\/span><\/span><\/div><\/div>\t\t\t\t\t\t<\/div>\n\t\t\t\t<\/div>\n\t\t\t\t\t<\/div>\n\t\t<\/div>\n\t\t\t\t\t\t\t<\/div>\n\t\t<\/section>\n\t\t\t\t<section class=\"elementor-section elementor-top-section elementor-element elementor-element-9919c54 elementor-section-boxed elementor-section-height-default elementor-section-height-default\" data-id=\"9919c54\" data-element_type=\"section\">\n\t\t\t\t\t\t<div class=\"elementor-container elementor-column-gap-default\">\n\t\t\t\t\t<div class=\"elementor-column elementor-col-100 elementor-top-column elementor-element elementor-element-5529284\" data-id=\"5529284\" data-element_type=\"column\">\n\t\t\t<div class=\"elementor-widget-wrap elementor-element-populated\">\n\t\t\t\t\t\t\t\t<div class=\"elementor-element elementor-element-6aea8bf elementor-widget elementor-widget-text-editor\" data-id=\"6aea8bf\" data-element_type=\"widget\" data-widget_type=\"text-editor.default\">\n\t\t\t\t<div class=\"elementor-widget-container\">\n\t\t\t\t\t\t\t<p style=\"text-align: center;\"><strong>PREMIERS PAS AVEC LE LOGICIEL BLENDER<\/strong><\/p>\t\t\t\t\t\t<\/div>\n\t\t\t\t<\/div>\n\t\t\t\t\t<\/div>\n\t\t<\/div>\n\t\t\t\t\t\t\t<\/div>\n\t\t<\/section>\n\t\t\t\t<section class=\"elementor-section elementor-top-section elementor-element elementor-element-b1a5577 elementor-section-boxed elementor-section-height-default elementor-section-height-default\" data-id=\"b1a5577\" data-element_type=\"section\">\n\t\t\t\t\t\t<div class=\"elementor-container elementor-column-gap-default\">\n\t\t\t\t\t<div class=\"elementor-column elementor-col-33 elementor-top-column elementor-element elementor-element-914bfcf\" data-id=\"914bfcf\" data-element_type=\"column\">\n\t\t\t<div class=\"elementor-widget-wrap elementor-element-populated\">\n\t\t\t\t\t\t\t\t<div class=\"elementor-element elementor-element-c4fc524 elementor-widget elementor-widget-image\" data-id=\"c4fc524\" data-element_type=\"widget\" data-widget_type=\"image.default\">\n\t\t\t\t<div class=\"elementor-widget-container\">\n\t\t\t\t\t\t\t\t\t\t\t\t\t\t\t<img loading=\"lazy\" decoding=\"async\" width=\"1024\" height=\"576\" src=\"https:\/\/andreaguillot.com\/wp-content\/uploads\/2023\/03\/33f9efd9-1f83-4ef1-b823-3484e96085bf_rw_1920-1024x576.png\" class=\"attachment-large size-large wp-image-1721\" alt=\"\" srcset=\"https:\/\/andreaguillot.com\/wp-content\/uploads\/2023\/03\/33f9efd9-1f83-4ef1-b823-3484e96085bf_rw_1920-1024x576.png 1024w, https:\/\/andreaguillot.com\/wp-content\/uploads\/2023\/03\/33f9efd9-1f83-4ef1-b823-3484e96085bf_rw_1920-300x169.png 300w, https:\/\/andreaguillot.com\/wp-content\/uploads\/2023\/03\/33f9efd9-1f83-4ef1-b823-3484e96085bf_rw_1920-768x432.png 768w, https:\/\/andreaguillot.com\/wp-content\/uploads\/2023\/03\/33f9efd9-1f83-4ef1-b823-3484e96085bf_rw_1920-1536x864.png 1536w, https:\/\/andreaguillot.com\/wp-content\/uploads\/2023\/03\/33f9efd9-1f83-4ef1-b823-3484e96085bf_rw_1920.png 1920w\" sizes=\"auto, (max-width: 1024px) 100vw, 1024px\" \/>\t\t\t\t\t\t\t\t\t\t\t\t\t\t\t<\/div>\n\t\t\t\t<\/div>\n\t\t\t\t\t<\/div>\n\t\t<\/div>\n\t\t\t\t<div class=\"elementor-column elementor-col-33 elementor-top-column elementor-element elementor-element-1a31a8e\" data-id=\"1a31a8e\" data-element_type=\"column\">\n\t\t\t<div class=\"elementor-widget-wrap elementor-element-populated\">\n\t\t\t\t\t\t\t\t<div class=\"elementor-element elementor-element-d91c39b elementor-widget elementor-widget-image\" data-id=\"d91c39b\" data-element_type=\"widget\" data-widget_type=\"image.default\">\n\t\t\t\t<div class=\"elementor-widget-container\">\n\t\t\t\t\t\t\t\t\t\t\t\t\t\t\t<img loading=\"lazy\" decoding=\"async\" width=\"1024\" height=\"576\" src=\"https:\/\/andreaguillot.com\/wp-content\/uploads\/2023\/03\/2f6932a6-68da-414c-a59b-2e467162443d_rw_1920.png\" class=\"attachment-large size-large wp-image-1720\" alt=\"\" \/>\t\t\t\t\t\t\t\t\t\t\t\t\t\t\t<\/div>\n\t\t\t\t<\/div>\n\t\t\t\t\t<\/div>\n\t\t<\/div>\n\t\t\t\t<div class=\"elementor-column elementor-col-33 elementor-top-column elementor-element elementor-element-8a188aa\" data-id=\"8a188aa\" data-element_type=\"column\">\n\t\t\t<div class=\"elementor-widget-wrap elementor-element-populated\">\n\t\t\t\t\t\t\t\t<div class=\"elementor-element elementor-element-e94532b elementor-widget elementor-widget-image\" data-id=\"e94532b\" data-element_type=\"widget\" data-widget_type=\"image.default\">\n\t\t\t\t<div class=\"elementor-widget-container\">\n\t\t\t\t\t\t\t\t\t\t\t\t\t\t\t<img loading=\"lazy\" decoding=\"async\" width=\"1024\" height=\"576\" src=\"https:\/\/andreaguillot.com\/wp-content\/uploads\/2023\/03\/580f5e0c-212c-4dee-9a74-b6b91383ab15_rw_1920-1024x576.png\" class=\"attachment-large size-large wp-image-1722\" alt=\"\" srcset=\"https:\/\/andreaguillot.com\/wp-content\/uploads\/2023\/03\/580f5e0c-212c-4dee-9a74-b6b91383ab15_rw_1920-1024x576.png 1024w, https:\/\/andreaguillot.com\/wp-content\/uploads\/2023\/03\/580f5e0c-212c-4dee-9a74-b6b91383ab15_rw_1920-300x169.png 300w, https:\/\/andreaguillot.com\/wp-content\/uploads\/2023\/03\/580f5e0c-212c-4dee-9a74-b6b91383ab15_rw_1920-768x432.png 768w, https:\/\/andreaguillot.com\/wp-content\/uploads\/2023\/03\/580f5e0c-212c-4dee-9a74-b6b91383ab15_rw_1920-1536x864.png 1536w, https:\/\/andreaguillot.com\/wp-content\/uploads\/2023\/03\/580f5e0c-212c-4dee-9a74-b6b91383ab15_rw_1920.png 1920w\" sizes=\"auto, (max-width: 1024px) 100vw, 1024px\" \/>\t\t\t\t\t\t\t\t\t\t\t\t\t\t\t<\/div>\n\t\t\t\t<\/div>\n\t\t\t\t\t<\/div>\n\t\t<\/div>\n\t\t\t\t\t\t\t<\/div>\n\t\t<\/section>\n\t\t\t\t\t\t\t<\/div>\n\t\t","protected":false},"excerpt":{"rendered":"<p>3D. LIVRE POUR ENFANT (C4D)Contexte\u00a0: ESMA &#8211; Mast\u00e8re Motion Design Graphics (2020)Projet : Repr\u00e9senter en 3D le projet \u00ab\u00a0Livre pour enfant\u00ab\u00a0. Note\u00a0:\u00a0L&rsquo;id\u00e9e est faire d\u00e9couvrir aux enfants des aventuri\u00e8res exceptionnelles tout en voyageant \u00e0 travers les \u00e9poques. Ce livre se veut :\u00a0 \u00a0 \u00a0&#8211; Informatif : il a pour but de pr\u00e9senter 6 femmes et &hellip;<\/p>\n<p class=\"read-more\"> <a class=\"\" href=\"https:\/\/andreaguillot.com\/index.php\/3d\/\"> <span class=\"screen-reader-text\">3D<\/span> Lire la suite\u00a0\u00bb<\/a><\/p>\n","protected":false},"author":1,"featured_media":0,"parent":0,"menu_order":0,"comment_status":"closed","ping_status":"closed","template":"","meta":{"site-sidebar-layout":"no-sidebar","site-content-layout":"page-builder","ast-global-header-display":"","ast-main-header-display":"","ast-hfb-above-header-display":"","ast-hfb-below-header-display":"","ast-hfb-mobile-header-display":"","site-post-title":"disabled","ast-breadcrumbs-content":"","ast-featured-img":"disabled","footer-sml-layout":"","theme-transparent-header-meta":"enabled","adv-header-id-meta":"","stick-header-meta":"","header-above-stick-meta":"","header-main-stick-meta":"","header-below-stick-meta":"","footnotes":""},"class_list":["post-1707","page","type-page","status-publish","hentry"],"_links":{"self":[{"href":"https:\/\/andreaguillot.com\/index.php\/wp-json\/wp\/v2\/pages\/1707","targetHints":{"allow":["GET"]}}],"collection":[{"href":"https:\/\/andreaguillot.com\/index.php\/wp-json\/wp\/v2\/pages"}],"about":[{"href":"https:\/\/andreaguillot.com\/index.php\/wp-json\/wp\/v2\/types\/page"}],"author":[{"embeddable":true,"href":"https:\/\/andreaguillot.com\/index.php\/wp-json\/wp\/v2\/users\/1"}],"replies":[{"embeddable":true,"href":"https:\/\/andreaguillot.com\/index.php\/wp-json\/wp\/v2\/comments?post=1707"}],"version-history":[{"count":7,"href":"https:\/\/andreaguillot.com\/index.php\/wp-json\/wp\/v2\/pages\/1707\/revisions"}],"predecessor-version":[{"id":1728,"href":"https:\/\/andreaguillot.com\/index.php\/wp-json\/wp\/v2\/pages\/1707\/revisions\/1728"}],"wp:attachment":[{"href":"https:\/\/andreaguillot.com\/index.php\/wp-json\/wp\/v2\/media?parent=1707"}],"curies":[{"name":"wp","href":"https:\/\/api.w.org\/{rel}","templated":true}]}}